dred millions digit of 362906572?
3
What is the ten thousands digit of 77234475?
3
What is the hundreds digit of 57816890?
8
What is the tens digit of 5769154258?
5
What is the ten millions digit of 41623249?
4
What is the thousands digit of 334856135?
6
What is the tens digit of 163710097?
9
What is the hundred thousands digit of 428603029?
6
What is the hundred thousands digit of 67225943?
2
What is the thousands digit of 235625346?
5
What is the millions digit of 390553106?
0
What is the tens digit of 23703614?
1
What is the units digit of 32374445?
5
What is the hundred millions digit of 331974202?
3
What is the thousands digit of 191262919?
2
What is the millions digit of 6983455034?
3
What is the thousands digit of 336231269?
1
What is the units digit of 334945098?
8
What is the ten millions digit of 77990653?
7
What is the ten millions digit of 153993826?
5
What is the hundred thousands digit of 90088347?
0
What is the millions digit of 768821396?
8
What is the hundred thousands digit of 236982383?
9
What is the hundreds digit of 41657774?
7
What is the hundred millions digit of 4626042040?
6
What is the hundred thousands digit of 88133211?
1
What is the hundreds digit of 5812247177?
1
What is the thousands digit of 115292439?
2
What is the ten millions digit of 761023555?
6
What is the hundred millions digit of 2434738892?
4
What is the hundreds digit of 332074627?
6
What is the hundred thousands digit of 287904689?
9
What is the ten millions digit of 27725289?
2
What is the millions digit of 5706287?
5
What is the hundred thousands digit of 1120816?
1
What is the thousands digit of 55000146?
0
What is the millions digit of 294148101?
4
What is the ten millions digit of 224566280?
2
What is the hundreds digit of 47570130?
1
What is the ten millions digit of 501066119?
0
What is the hundreds digit of 96650972?
9
What is the thousands digit of 1211189206?
9
What is the hundred thousands digit of 1413824690?
8
What is the ten millions digit of 119824383?
1
What is the billions digit of 1883190125?
1
What is the tens digit of 23310716?
1
What is the ten thousands digit of 148293219?
9
What is the hundreds digit of 31307045?
0
What is the tens digit of 701546436?
3
What is the hundreds digit of 47086465?
4
What is the units digit of 116287443?
3
What is the hundred millions digit of 6351832165?
3
What is the units digit of 601853500?
0
What is the ten thousands digit of 180616881?
1
What is the thousands digit of 690739081?
9
What is the ten thousands digit of 186901330?
0
What is the ten thousands digit of 38285105?
8
What is the tens digit of 132756017?
1
What is the hundred thousands digit of 4620873363?
8
What is the hundreds digit of 1467080?
0
What is the thousands digit of 2597717338?
7
What is the tens digit of 15564437?
3
What is the millions digit of 92940057?
2
What is the tens digit of 67389399?
9
What is the hundred millions digit of 2934417829?
9
What is the hundred thousands digit of 8611012?
6
What is the tens digit of 383547197?
9
What is the ten thousands digit of 422889946?
8
What is the hundred millions digit of 185252117?
1
What is the hundreds digit of 626263?
2
What is the units digit of 35985995?
5
What is the hundreds digit of 2465255499?
4
What is the hundred millions digit of 225629913?
2
What is the ten thousands digit of 168885197?
8
What is the millions digit of 2946113188?
6
What is the millions digit of 2627474520?
7
What is the ten millions digit of 6283346134?
8
What is the hundred millions digit of 1668878631?
6
What is the units digit of 2184710820?
0
What is the hundreds digit of 499933502?
5
What is the ten thousands digit of 1342959319?
5
What is the hundreds digit of 68291842?
8
What is the ten millions digit of 3516068558?
1
What is the thousands digit of 104506492?
6
What is the millions digit of 94752760?
4
What is the millions digit of 125456362?
5
What is the millions digit of 31491850?
1
What is the hundreds digit of 318524215?
2
What is the ten thousands digit of 922589196?
8
What is the tens digit of 64335157?
5
What is the units digit of 748250688?
8
What is the hundred millions digit of 230748552?
2
What is the ten millions digit of 11944539?
1
What is the hundreds digit of 485170886?
8
What is the ten thousands digit of 147438750?
3
What is the hundred thousands digit of 6711445950?
4
What is the hundred millions digit of 103823672?
1
What is the millions digit of 788736718?
8
What is the thousands digit of 259061531?
1
What is the ten thousands digit of 88740881?
4
What is the units digit of 1123433047?
7
What is the millions digit of 2414003431?
4
What is the thousands digit of 66191507?
1
What is the hundreds digit of 1734431154?
1
What is the tens digit of 394271485?
8
What is the hundred thousands digit of 84568753?
5
What is the hundreds digit of 2888316072?
0
What is the hundreds digit of 624131807?
8
What is the tens digit of 356583617?
1
What is the hundred millions digit of 3449343656?
4
What is the ten millions digit of 38110725?
3
What is the hundred thousands digit of 85433126?
4
What is the millions digit of 81539301?
1
What is the hundred thousands digit of 43834686?
8
What is the tens digit of 231156162?
6
What is the thousands digit of 322660272?
0
What is the hundred millions digit of 1445424547?
4
What is the hundred thousands digit of 1663816185?
8
What is the thousands digit of 73213952?
3
What is the tens digit of 299953553?
5
What is the billions digit of 5703076864?
5
What is the ten thousands digit of 2038442104?
4
What is the ten thousands digit of 237711052?
1
What is the millions digit of 1441742?
1
What is the millions digit of 42524515?
2
What is the ten thousands digit of 197757212?
5
What is the billions digit of 2051995253?
2
What is the units digit of 977698571?
1
What is the hundreds digit of 47098715?
7
What is the ten millions digit of 4123757933?
2
What is the millions digit of 22930444?
2
What is the ten millions digit of 1851395362?
5
What is the hundred thousands digit of 505206749?
2
What is the hundred millions digit of 1171500159?
1
What is the hundreds digit of 429634151?
1
What is the thousands digit of 11295230?
5
What is the thousands digit of 36712784?
2
What is the thousands digit of 54217806?
7
What is the hundred thousands digit of 45727930?
7
What is the thousands digit of 1176375831?
5
What is the units digit of 53962044?
4
What is the hundreds digit of 1614103718?
7
What is the thousands digit of 490612702?
2
What is the ten thousands digit of 10863784?
6
What is the ten millions digit of 667135726?
6
What is the ten thousands digit of 30579835?
7
What is the hundred thousands digit of 45435209?
4
What is the hundreds digit of 56213644?
6
What is the ten millions digit of 430634294?
3
What is the tens digit of 103686723?
2
What is the millions digit of 661978931?
1
What is the hundred millions digit of 1219241943?
2
What is the hundreds digit of 189907545?
5
What is the ten millions digit of 46559452?
4
What is the units digit of 91308973?
3
What is the ten millions digit of 206954499?
0
What is the thousands digit of 46291900?
1
What is the hundred thousands digit of 94220277?
2
What is the ten thousands digit of 16074057?
7
What is the thousands digit of 10407719?
7
What is the ten thousands digit of 65286181?
8
What is the ten thousands digit of 44045438?
4
What is the tens digit of 854180990?
9
What is the ten millions digit of 57276699?
5
What is the units digit of 23124132?
2
What is the ten thousands digit of 13769281?
6
What is the millions digit of 614318242?
4
What is the tens digit of 1454868163?
6
What is the ten thousands digit of 929303029?
0
What is the tens digit of 35219118?
1
What is the hundred millions digit of 3620385076?
6
What is the hundred millions digit of 3352386347?
3
What is the hundred thousands digit of 140259187?
2
What is the ten millions digit of 58232787?
5
What is the thousands digit of 106560154?
0
What is the millions digit of 616071342?
6
What is the thousands digit of 763784645?
4
What is the hundreds digit of 5877047?
0
What is the tens digit of 480475148?
4
What is the hundreds digit of 400522352?
3
What is the hundred millions digit of 1306174530?
3
What is the millions digit of 413823611?